{"id":591,"date":"2022-06-06T22:44:45","date_gmt":"2022-06-06T19:44:45","guid":{"rendered":"https:\/\/mateserranos.com.ar\/w\/?page_id=591"},"modified":"2022-10-21T03:27:45","modified_gmt":"2022-10-21T00:27:45","slug":"mates-con-piedra-y-alpaca","status":"publish","type":"page","link":"https:\/\/mateserranos.com.ar\/w\/mates-con-piedra-y-alpaca\/","title":{"rendered":"Mates con piedra y alpaca"},"content":{"rendered":"\n<div class=\"wp-block-query is-layout-flow wp-block-query-is-layout-flow\"><ul class=\"is-flex-container columns-3 alignleft wp-block-post-template is-layout-flow wp-block-post-template-is-layout-flow\"><li class=\"wp-block-post post-437 page type-page status-publish has-post-thumbnail hentry\">\n<figure style=\"width:350px;height:300px;\" class=\"aligncenter gg-softbump wp-block-post-featured-image\"><a href=\"https:\/\/mateserranos.com.ar\/w\/mates-con-piedra-y-alpaca\/mate-camionero-gigante-de-alpaca-con-piedra\/\" target=\"_self\"  style=\"height:300px\"><img fetchpriority=\"high\" decoding=\"async\" width=\"1440\" height=\"960\" src=\"https:\/\/mateserranos.com.ar\/w\/wp-content\/uploads\/2022\/05\/DSC_4340-LR.jpg\" class=\"attachment-post-thumbnail size-post-thumbnail wp-post-image\" alt=\"Mate camionero gigante de alpaca con piedra\" style=\"height:300px;object-fit:cover;\" srcset=\"https:\/\/mateserranos.com.ar\/w\/wp-content\/uploads\/2022\/05\/DSC_4340-LR.jpg 1440w, https:\/\/mateserranos.com.ar\/w\/wp-content\/uploads\/2022\/05\/DSC_4340-LR-300x200.jpg 300w, https:\/\/mateserranos.com.ar\/w\/wp-content\/uploads\/2022\/05\/DSC_4340-LR-1024x683.jpg 1024w, https:\/\/mateserranos.com.ar\/w\/wp-content\/uploads\/2022\/05\/DSC_4340-LR-768x512.jpg 768w\" sizes=\"(max-width: 1440px) 100vw, 1440px\" \/><\/a><\/figure>\n\n\n<div style=\"height:40px\" aria-hidden=\"true\" class=\"wp-block-spacer\"><\/div>\n\n\n<h4 class=\"wp-block-post-title\"><a href=\"https:\/\/mateserranos.com.ar\/w\/mates-con-piedra-y-alpaca\/mate-camionero-gigante-de-alpaca-con-piedra\/\" target=\"_self\" >Mate camionero gigante de alpaca con piedra<\/a><\/h4>\n\n<div class=\"wp-block-post-excerpt\"><p class=\"wp-block-post-excerpt__excerpt\">Mate camionero gigante de alpaca con piedra Disponible en varios modelos. Soldadura realizada a mano (soldadura de plata), base labrada con distintos motivos. DISPONIBLE Categor\u00eda: ppdr <\/p><\/div>\n\n\n<hr class=\"wp-block-separator has-text-color has-ast-global-color-4-color has-alpha-channel-opacity has-ast-global-color-4-background-color has-background\"\/>\n\n\n\n<div style=\"height:40px\" aria-hidden=\"true\" class=\"wp-block-spacer\"><\/div>\n\n<\/li><li class=\"wp-block-post post-478 page type-page status-publish has-post-thumbnail hentry\">\n<figure style=\"width:350px;height:300px;\" class=\"aligncenter gg-softbump wp-block-post-featured-image\"><a href=\"https:\/\/mateserranos.com.ar\/w\/mates-con-piedra-y-alpaca\/mate-de-alpaca-camionero-mini-con-piedra\/\" target=\"_self\"  style=\"height:300px\"><img decoding=\"async\" width=\"1440\" height=\"960\" src=\"https:\/\/mateserranos.com.ar\/w\/wp-content\/uploads\/2022\/05\/DSC_4328.jpg\" class=\"attachment-post-thumbnail size-post-thumbnail wp-post-image\" alt=\"Mate camionero mini  de alpaca con piedra\" style=\"height:300px;object-fit:cover;\" srcset=\"https:\/\/mateserranos.com.ar\/w\/wp-content\/uploads\/2022\/05\/DSC_4328.jpg 1440w, https:\/\/mateserranos.com.ar\/w\/wp-content\/uploads\/2022\/05\/DSC_4328-300x200.jpg 300w, https:\/\/mateserranos.com.ar\/w\/wp-content\/uploads\/2022\/05\/DSC_4328-1024x683.jpg 1024w, https:\/\/mateserranos.com.ar\/w\/wp-content\/uploads\/2022\/05\/DSC_4328-768x512.jpg 768w\" sizes=\"(max-width: 1440px) 100vw, 1440px\" \/><\/a><\/figure>\n\n\n<div style=\"height:40px\" aria-hidden=\"true\" class=\"wp-block-spacer\"><\/div>\n\n\n<h4 class=\"wp-block-post-title\"><a href=\"https:\/\/mateserranos.com.ar\/w\/mates-con-piedra-y-alpaca\/mate-de-alpaca-camionero-mini-con-piedra\/\" target=\"_self\" >Mate camionero mini  de alpaca con piedra<\/a><\/h4>\n\n<div class=\"wp-block-post-excerpt\"><p class=\"wp-block-post-excerpt__excerpt\">Mate camionero mini de alpaca con piedra Mate mediano, capacidad aproximada 50gr. de yerba. Realizados en madera de cald\u00e9n y alpaca. Modelos disponibles, con variaci\u00f3n de los dibujos principales y de las guardas. DISPONIBLE Categor\u00eda ppdr <\/p><\/div>\n\n\n<hr class=\"wp-block-separator has-text-color has-ast-global-color-4-color has-alpha-channel-opacity has-ast-global-color-4-background-color has-background\"\/>\n\n\n\n<div style=\"height:40px\" aria-hidden=\"true\" class=\"wp-block-spacer\"><\/div>\n\n<\/li><li class=\"wp-block-post post-488 page type-page status-publish has-post-thumbnail hentry\">\n<figure style=\"width:350px;height:300px;\" class=\"aligncenter gg-softbump wp-block-post-featured-image\"><a href=\"https:\/\/mateserranos.com.ar\/w\/mates-con-piedra-y-alpaca\/mate-de-alpaca-torpedo-con-base-y-piedra\/\" target=\"_self\"  style=\"height:300px\"><img decoding=\"async\" width=\"1440\" height=\"960\" src=\"https:\/\/mateserranos.com.ar\/w\/wp-content\/uploads\/2022\/05\/DSC_4318-LR.jpg\" class=\"attachment-post-thumbnail size-post-thumbnail wp-post-image\" alt=\"Mate torpedo de alpaca con base y piedra\" style=\"height:300px;object-fit:cover;\" srcset=\"https:\/\/mateserranos.com.ar\/w\/wp-content\/uploads\/2022\/05\/DSC_4318-LR.jpg 1440w, https:\/\/mateserranos.com.ar\/w\/wp-content\/uploads\/2022\/05\/DSC_4318-LR-300x200.jpg 300w, https:\/\/mateserranos.com.ar\/w\/wp-content\/uploads\/2022\/05\/DSC_4318-LR-1024x683.jpg 1024w, https:\/\/mateserranos.com.ar\/w\/wp-content\/uploads\/2022\/05\/DSC_4318-LR-768x512.jpg 768w\" sizes=\"(max-width: 1440px) 100vw, 1440px\" \/><\/a><\/figure>\n\n\n<div style=\"height:40px\" aria-hidden=\"true\" class=\"wp-block-spacer\"><\/div>\n\n\n<h4 class=\"wp-block-post-title\"><a href=\"https:\/\/mateserranos.com.ar\/w\/mates-con-piedra-y-alpaca\/mate-de-alpaca-torpedo-con-base-y-piedra\/\" target=\"_self\" >Mate torpedo de alpaca con base y piedra<\/a><\/h4>\n\n<div class=\"wp-block-post-excerpt\"><p class=\"wp-block-post-excerpt__excerpt\">Mate torpedo de alpaca con base y piedra Mate mediano, capacidad aproximada 50gr. de yerba. Virola con boca de 50 mm. Altura aproximada: 95mm. Realizados en madera de cald\u00e9n y alpaca. Distintos modelos disponibles, con variaci\u00f3n de los dibujos principales, las piedras pulidas y las guardas. DISPONIBLE Categor\u00eda: ppdr <\/p><\/div>\n\n\n<hr class=\"wp-block-separator has-text-color has-ast-global-color-4-color has-alpha-channel-opacity has-ast-global-color-4-background-color has-background\"\/>\n\n\n\n<div style=\"height:40px\" aria-hidden=\"true\" class=\"wp-block-spacer\"><\/div>\n\n<\/li><li class=\"wp-block-post post-591 page type-page status-publish hentry\">\n\n\n\n<div style=\"height:40px\" aria-hidden=\"true\" class=\"wp-block-spacer\"><\/div>\n\n\n<h4 class=\"wp-block-post-title\"><a href=\"https:\/\/mateserranos.com.ar\/w\/mates-con-piedra-y-alpaca\/\" target=\"_self\" >Mates con piedra y alpaca<\/a><\/h4>\n\n<div class=\"wp-block-post-excerpt\"><p class=\"wp-block-post-excerpt__excerpt\"> <\/p><\/div>\n\n\n<hr class=\"wp-block-separator has-text-color has-ast-global-color-4-color has-alpha-channel-opacity has-ast-global-color-4-background-color has-background\"\/>\n\n\n\n<div style=\"height:40px\" aria-hidden=\"true\" class=\"wp-block-spacer\"><\/div>\n\n<\/li><\/ul><\/div>\n","protected":false},"excerpt":{"rendered":"","protected":false},"author":2,"featured_media":0,"parent":0,"menu_order":0,"comment_status":"closed","ping_status":"closed","template":"elementor_theme","meta":{"site-sidebar-layout":"default","site-content-layout":"","ast-site-content-layout":"default","site-content-style":"default","site-sidebar-style":"default","ast-global-header-display":"","ast-banner-title-visibility":"","ast-main-header-display":"","ast-hfb-above-header-display":"","ast-hfb-below-header-display":"","ast-hfb-mobile-header-display":"","site-post-title":"","ast-breadcrumbs-content":"","ast-featured-img":"","footer-sml-layout":"","ast-disable-related-posts":"","theme-transparent-header-meta":"","adv-header-id-meta":"","stick-header-meta":"","header-above-stick-meta":"","header-main-stick-meta":"","header-below-stick-meta":"","astra-migrate-meta-layouts":"default","ast-page-background-enabled":"default","ast-page-background-meta":{"desktop":{"background-color":"var(--ast-global-color-4)","background-image":"","background-repeat":"repeat","background-position":"center center","background-size":"auto","background-attachment":"scroll","background-type":"","background-media":"","overlay-type":"","overlay-color":"","overlay-opacity":"","overlay-gradient":""},"tablet":{"background-color":"","background-image":"","background-repeat":"repeat","background-position":"center center","background-size":"auto","background-attachment":"scroll","background-type":"","background-media":"","overlay-type":"","overlay-color":"","overlay-opacity":"","overlay-gradient":""},"mobile":{"background-color":"","background-image":"","background-repeat":"repeat","background-position":"center center","background-size":"auto","background-attachment":"scroll","background-type":"","background-media":"","overlay-type":"","overlay-color":"","overlay-opacity":"","overlay-gradient":""}},"ast-content-background-meta":{"desktop":{"background-color":"var(--ast-global-color-5)","background-image":"","background-repeat":"repeat","background-position":"center center","background-size":"auto","background-attachment":"scroll","background-type":"","background-media":"","overlay-type":"","overlay-color":"","overlay-opacity":"","overlay-gradient":""},"tablet":{"background-color":"var(--ast-global-color-5)","background-image":"","background-repeat":"repeat","background-position":"center center","background-size":"auto","background-attachment":"scroll","background-type":"","background-media":"","overlay-type":"","overlay-color":"","overlay-opacity":"","overlay-gradient":""},"mobile":{"background-color":"var(--ast-global-color-5)","background-image":"","background-repeat":"repeat","background-position":"center center","background-size":"auto","background-attachment":"scroll","background-type":"","background-media":"","overlay-type":"","overlay-color":"","overlay-opacity":"","overlay-gradient":""}},"footnotes":""},"class_list":["post-591","page","type-page","status-publish","hentry"],"jetpack_sharing_enabled":true,"_links":{"self":[{"href":"https:\/\/mateserranos.com.ar\/w\/wp-json\/wp\/v2\/pages\/591","targetHints":{"allow":["GET"]}}],"collection":[{"href":"https:\/\/mateserranos.com.ar\/w\/wp-json\/wp\/v2\/pages"}],"about":[{"href":"https:\/\/mateserranos.com.ar\/w\/wp-json\/wp\/v2\/types\/page"}],"author":[{"embeddable":true,"href":"https:\/\/mateserranos.com.ar\/w\/wp-json\/wp\/v2\/users\/2"}],"replies":[{"embeddable":true,"href":"https:\/\/mateserranos.com.ar\/w\/wp-json\/wp\/v2\/comments?post=591"}],"version-history":[{"count":29,"href":"https:\/\/mateserranos.com.ar\/w\/wp-json\/wp\/v2\/pages\/591\/revisions"}],"predecessor-version":[{"id":777,"href":"https:\/\/mateserranos.com.ar\/w\/wp-json\/wp\/v2\/pages\/591\/revisions\/777"}],"wp:attachment":[{"href":"https:\/\/mateserranos.com.ar\/w\/wp-json\/wp\/v2\/media?parent=591"}],"curies":[{"name":"wp","href":"https:\/\/api.w.org\/{rel}","templated":true}]}}